{"id":234,"date":"2022-10-21T09:27:39","date_gmt":"2022-10-21T09:27:39","guid":{"rendered":"http:\/\/okrzlbn.cluster031.hosting.ovh.net\/tpu\/?page_id=234"},"modified":"2023-01-10T21:40:51","modified_gmt":"2023-01-10T20:40:51","slug":"o-nas","status":"publish","type":"page","link":"https:\/\/tpu.com.pl\/?page_id=234","title":{"rendered":"O nas"},"content":{"rendered":"\t\t<div data-elementor-type=\"wp-page\" data-elementor-id=\"234\" class=\"elementor elementor-234\">\n\t\t\t\t\t\t<section class=\"elementor-section elementor-top-section elementor-element elementor-element-00902b3 elementor-section-boxed elementor-section-height-default elementor-section-height-default\" data-id=\"00902b3\" data-element_type=\"section\" data-e-type=\"section\">\n\t\t\t\t\t\t<div class=\"elementor-container elementor-column-gap-default\">\n\t\t\t\t\t<div class=\"elementor-column elementor-col-100 elementor-top-column elementor-element elementor-element-93456f3\" data-id=\"93456f3\" data-element_type=\"column\" data-e-type=\"column\">\n\t\t\t<div class=\"elementor-widget-wrap elementor-element-populated\">\n\t\t\t\t\t\t<div class=\"elementor-element elementor-element-0e6cfbf elementor-widget elementor-widget-image\" data-id=\"0e6cfbf\" data-element_type=\"widget\" data-e-type=\"widget\" data-widget_type=\"image.default\">\n\t\t\t\t<div class=\"elementor-widget-container\">\n\t\t\t\t\t\t\t\t\t\t\t\t\t\t\t<img fetchpriority=\"high\" decoding=\"async\" width=\"1024\" height=\"62\" src=\"https:\/\/tpu.com.pl\/wp-content\/uploads\/2022\/11\/odstep-1024x62.png\" class=\"attachment-large size-large wp-image-2207\" alt=\"\" srcset=\"https:\/\/tpu.com.pl\/wp-content\/uploads\/2022\/11\/odstep-1024x62.png 1024w, https:\/\/tpu.com.pl\/wp-content\/uploads\/2022\/11\/odstep-300x18.png 300w, https:\/\/tpu.com.pl\/wp-content\/uploads\/2022\/11\/odstep-768x46.png 768w, https:\/\/tpu.com.pl\/wp-content\/uploads\/2022\/11\/odstep-1536x93.png 1536w, https:\/\/tpu.com.pl\/wp-content\/uploads\/2022\/11\/odstep.png 1908w\" sizes=\"(max-width: 1024px) 100vw, 1024px\" \/>\t\t\t\t\t\t\t\t\t\t\t\t\t\t\t<\/div>\n\t\t\t\t<\/div>\n\t\t\t\t\t<\/div>\n\t\t<\/div>\n\t\t\t\t\t<\/div>\n\t\t<\/section>\n\t\t\t\t<section class=\"elementor-section elementor-top-section elementor-element elementor-element-86f4b96 elementor-section-boxed elementor-section-height-default elementor-section-height-default\" data-id=\"86f4b96\" data-element_type=\"section\" data-e-type=\"section\">\n\t\t\t\t\t\t<div class=\"elementor-container elementor-column-gap-default\">\n\t\t\t\t\t<div class=\"elementor-column elementor-col-100 elementor-top-column elementor-element elementor-element-d65fbb2\" data-id=\"d65fbb2\" data-element_type=\"column\" data-e-type=\"column\">\n\t\t\t<div class=\"elementor-widget-wrap\">\n\t\t\t\t\t\t\t<\/div>\n\t\t<\/div>\n\t\t\t\t\t<\/div>\n\t\t<\/section>\n\t\t\t\t<section class=\"elementor-section elementor-top-section elementor-element elementor-element-41241f1 elementor-section-boxed elementor-section-height-default elementor-section-height-default\" data-id=\"41241f1\" data-element_type=\"section\" data-e-type=\"section\">\n\t\t\t\t\t\t<div class=\"elementor-container elementor-column-gap-default\">\n\t\t\t\t\t<div class=\"elementor-column elementor-col-66 elementor-top-column elementor-element elementor-element-b2b97c6\" data-id=\"b2b97c6\" data-element_type=\"column\" data-e-type=\"column\">\n\t\t\t<div class=\"elementor-widget-wrap elementor-element-populated\">\n\t\t\t\t\t\t<div class=\"elementor-element elementor-element-769c331 elementor-widget elementor-widget-heading\" data-id=\"769c331\" data-element_type=\"widget\" data-e-type=\"widget\" data-widget_type=\"heading.default\">\n\t\t\t\t<div class=\"elementor-widget-container\">\n\t\t\t\t\t<h2 class=\"elementor-heading-title elementor-size-default\">Tw\u00f3j Punkt Ubezpiecze\u0144<\/h2>\t\t\t\t<\/div>\n\t\t\t\t<\/div>\n\t\t\t\t<section class=\"elementor-section elementor-inner-section elementor-element elementor-element-5dc27ad elementor-section-boxed elementor-section-height-default elementor-section-height-default\" data-id=\"5dc27ad\" data-element_type=\"section\" data-e-type=\"section\">\n\t\t\t\t\t\t<div class=\"elementor-container elementor-column-gap-default\">\n\t\t\t\t\t<div class=\"elementor-column elementor-col-33 elementor-inner-column elementor-element elementor-element-5d56275\" data-id=\"5d56275\" data-element_type=\"column\" data-e-type=\"column\">\n\t\t\t<div class=\"elementor-widget-wrap elementor-element-populated\">\n\t\t\t\t\t\t<div class=\"elementor-element elementor-element-cdd3ee1 elementor-widget__width-inherit elementor-widget elementor-widget-image\" data-id=\"cdd3ee1\" data-element_type=\"widget\" data-e-type=\"widget\" data-widget_type=\"image.default\">\n\t\t\t\t<div class=\"elementor-widget-container\">\n\t\t\t\t\t\t\t\t\t\t\t\t\t\t\t<img decoding=\"async\" width=\"215\" height=\"300\" src=\"https:\/\/tpu.com.pl\/wp-content\/uploads\/2022\/09\/o-nas30.jpg\" class=\"attachment-large size-large wp-image-76\" alt=\"\" \/>\t\t\t\t\t\t\t\t\t\t\t\t\t\t\t<\/div>\n\t\t\t\t<\/div>\n\t\t\t\t\t<\/div>\n\t\t<\/div>\n\t\t\t\t<div class=\"elementor-column elementor-col-66 elementor-inner-column elementor-element elementor-element-1a3ab2e\" data-id=\"1a3ab2e\" data-element_type=\"column\" data-e-type=\"column\">\n\t\t\t<div class=\"elementor-widget-wrap elementor-element-populated\">\n\t\t\t\t\t\t<div class=\"elementor-element elementor-element-18d1b8a elementor-widget elementor-widget-text-editor\" data-id=\"18d1b8a\" data-element_type=\"widget\" data-e-type=\"widget\" data-widget_type=\"text-editor.default\">\n\t\t\t\t<div class=\"elementor-widget-container\">\n\t\t\t\t\t\t\t\t\t<p style=\"margin-bottom: 1rem; color: #424243; padding-bottom: 0.5rem; font-family: Roboto; font-size: 16px; font-style: normal; font-weight: 400; text-align: justify;\">Tw\u00f3j Punkt Ubezpiecze\u0144 to pr\u0119\u017cnie rozwijaj\u0105ca si\u0119 multiagencja ubezpieczeniowa, istniej\u0105ca od 2006 r. Z rynkiem ubezpieczeniowym zwi\u0105zani jeste\u015bmy od 2004 roku. Od pocz\u0105tk\u00f3w naszego istnienia g\u0142\u00f3wnym zamys\u0142em by\u0142o stworzenie dla klient\u00f3w jednego punktu ubezpieczeniowego, w kt\u00f3rym b\u0119d\u0105 mogli wybra\u0107 dla siebie najkorzystniejsz\u0105 ofert\u0119 interesuj\u0105cego ich ubezpieczenia. Dlatego wychodz\u0105c na przeciw rosn\u0105cym potrzebom naszych klient\u00f3w podpisali\u015bmy umowy z 30 najlepszymi ubezpieczycielami w Polsce.<\/p>\n<span style=\"color: #424243; font-family: Roboto; text-align: justify; background-color: var(--ast-global-color-5);\">Obecnie zaufa\u0142o nam ponad 30 000 klient\u00f3w indywidualnych, przedsi\u0119biorc\u00f3w oraz klient\u00f3w korporacyjnych.<\/span><span style=\"font-style: inherit; font-weight: inherit; background-color: var(--ast-global-color-5);\">.<\/span>\t\t\t\t\t\t\t\t<\/div>\n\t\t\t\t<\/div>\n\t\t\t\t\t<\/div>\n\t\t<\/div>\n\t\t\t\t\t<\/div>\n\t\t<\/section>\n\t\t\t\t<div class=\"elementor-element elementor-element-2b64adf elementor-widget elementor-widget-text-editor\" data-id=\"2b64adf\" data-element_type=\"widget\" data-e-type=\"widget\" data-widget_type=\"text-editor.default\">\n\t\t\t\t<div class=\"elementor-widget-container\">\n\t\t\t\t\t\t\t\t\t<p style=\"margin-bottom: 1rem; color: #424243; padding-bottom: 0.5rem; font-family: Roboto; font-size: 16px; font-style: Roboto; font-weight: 400; text-align: justify;\">Posiadamy kilka pr\u0119\u017cnie dzia\u0142aj\u0105cych biur w Skierniewicach, Sochaczewie i \u0141owiczu. Dzia\u0142amy r\u00f3wnie\u017c\u00a0 na terenie ca\u0142ej RP\u00a0 szczeg\u00f3lnie w \u0141odzi, Krakowie, Garwolinie.<\/p><p style=\"margin-bottom: 1rem; color: #424243; padding-bottom: 0.5rem; font-family: Roboto; font-size: 16px; font-style: normal; font-weight: 400; text-align: justify;\">Ci\u0105gle doskonalimy sw\u0105 wiedz\u0119 i standardy obs\u0142ugi klienta. W niedalekiej przysz\u0142o\u015bci wdro\u017cymy\u00a0 dla wygody naszych Klient\u00f3w dost\u0119p on line do indywidualnych kont, dzi\u0119ki kt\u00f3rym 24 h na dob\u0119 b\u0119d\u0105 mogli uzyska\u0107 informacje o stanie ich um\u00f3w, wysoko\u015bciach i terminach rat i ko\u0144cach um\u00f3w.<\/p><p style=\"margin-bottom: 1rem; color: #424243; padding-bottom: 0.5rem; font-family: Roboto; font-size: 16px; font-style: normal; font-weight: 400; text-align: justify;\">Posiadamy wygodny dla naszych Klient\u00f3w system przypominania SMS-em lub emailem o ko\u0144cz\u0105cych si\u0119 umowach i zbli\u017caj\u0105cych si\u0119 ratach sk\u0142adek.<\/p><p style=\"margin-bottom: 1rem; color: #424243; padding-bottom: 0.5rem; font-family: Roboto; font-size: 16px; font-style: normal; font-weight: 400; text-align: justify;\">Cenimy sobie czas naszych klient\u00f3w, dlatego cz\u0119sto na \u017cyczenie klienta wcze\u015bniej uzgadniamy warunki, wyszukujemy najkorzystniejsze oferty i przygotowujemy umowy. W razie potrzeby doje\u017cd\u017camy do Klienta. Je\u015bli kto\u015b oczekuje w kolejce, w naszych biurach zawsze mo\u017ce umili\u0107 sobie czas fili\u017cank\u0105 kawy czy herbaty, a tak\u017ce poczyta\u0107 aktualn\u0105 lokaln\u0105 pras\u0119.<\/p><p style=\"margin-bottom: 1rem; color: #424243; padding-bottom: 0.5rem; font-family: Roboto; font-size: 16px; font-style: normal; font-weight: 400; text-align: justify;\">W razie szk\u00f3d naszym Klientom oferujemy bezp\u0142atn\u0105 pomoc w za\u0142atwieniu formalno\u015bci.<\/p><p style=\"margin-bottom: 1rem; color: #424243; padding-bottom: 0.5rem; font-family: Roboto; font-size: 16px; font-style: normal; font-weight: 400; text-align: justify;\">Sami r\u00f3wnie\u017c posiadamy polis\u0119 OC Multiagenta opiewaj\u0105c\u0105 na\u00a0 1 250 618 EURO na jedno i 1 875 927 EURO na wszystkie zdarzenia.<\/p><p style=\"margin-bottom: 1rem; color: #424243; padding-bottom: 0.5rem; font-family: Roboto; font-size: 16px; font-style: normal; font-weight: 400; text-align: justify;\">Zapraszamy do naszych biur !<\/p><p><a href=\"https:\/\/tpu.com.pl\/skierniewice,19,pl.html\"><span style=\"vertical-align: inherit;\"><span style=\"vertical-align: inherit;\"><span style=\"vertical-align: inherit;\"><span style=\"vertical-align: inherit;\"><span style=\"vertical-align: inherit;\"><span style=\"vertical-align: inherit;\">Skierniewice &gt;&gt;&gt;<br \/><\/span><\/span><\/span><\/span><\/span><\/span><\/a><br \/><a href=\"https:\/\/tpu.com.pl\/lowicz,20,pl.html\"><span style=\"vertical-align: inherit;\"><span style=\"vertical-align: inherit;\"><span style=\"vertical-align: inherit;\"><span style=\"vertical-align: inherit;\"><span style=\"vertical-align: inherit;\"><span style=\"vertical-align: inherit;\">\u0141owicz &gt;&gt;&gt;<br \/><\/span><\/span><\/span><\/span><\/span><\/span><\/a><br \/><a href=\"https:\/\/tpu.com.pl\/sochaczew,21,pl.html\"><span style=\"vertical-align: inherit;\"><span style=\"vertical-align: inherit;\"><span style=\"vertical-align: inherit;\"><span style=\"vertical-align: inherit;\"><span style=\"vertical-align: inherit;\"><span style=\"vertical-align: inherit;\">Sochaczew &gt;&gt;<\/span><\/span><\/span><\/span><\/span><\/span><\/a><\/p>\t\t\t\t\t\t\t\t<\/div>\n\t\t\t\t<\/div>\n\t\t\t\t\t<\/div>\n\t\t<\/div>\n\t\t\t\t<div class=\"elementor-column elementor-col-33 elementor-top-column elementor-element elementor-element-7756211\" data-id=\"7756211\" data-element_type=\"column\" data-e-type=\"column\">\n\t\t\t<div class=\"elementor-widget-wrap elementor-element-populated\">\n\t\t\t\t\t\t<div class=\"elementor-element elementor-element-012b552 elementor-widget elementor-widget-heading\" data-id=\"012b552\" data-element_type=\"widget\" data-e-type=\"widget\" data-widget_type=\"heading.default\">\n\t\t\t\t<div class=\"elementor-widget-container\">\n\t\t\t\t\t<h2 class=\"elementor-heading-title elementor-size-default\">Nasze Atuty<\/h2>\t\t\t\t<\/div>\n\t\t\t\t<\/div>\n\t\t\t\t<div class=\"elementor-element elementor-element-f4613c0 elementor-widget elementor-widget-text-editor\" data-id=\"f4613c0\" data-element_type=\"widget\" data-e-type=\"widget\" data-widget_type=\"text-editor.default\">\n\t\t\t\t<div class=\"elementor-widget-container\">\n\t\t\t\t\t\t\t\t\t<ul>\n \t<li>\n<p style=\"margin-bottom: 0rem; color: #424243; padding-bottom: 0.5rem; font-family: Roboto; font-size: 16px; font-style: normal; font-weight: 400; text-align: justify;\">Pracujemy dla Pa\u0144stwa od 2006 roku<\/p>\n<\/li>\n \t<li>\n<p style=\"margin-bottom: 0rem; color: #424243; padding-bottom: 0.5rem; font-family: Roboto; font-size: 16px; font-style: normal; font-weight: 400; text-align: justify;\">Zaufa\u0142o nam ponad 30 0000 klient\u00f3w indywidualnych, przedsi\u0119biorc\u00f3w oraz klient\u00f3w korporacyjnych.<\/p>\n<\/li>\n \t<li>\n<p style=\"margin-bottom: 0rem; color: #424243; padding-bottom: 0.5rem; font-family: Roboto; font-size: 16px; font-style: normal; font-weight: 400; text-align: justify;\">Otworzyli\u015bmy dla Pa\u0144stwa pr\u0119\u017cnie dzia\u0142aj\u0105ce biura w Skierniewicach, \u0141owiczu i Sochaczewie oraz punkty obs\u0142ugi w Krakowie, Otwocku oraz w \u0141odzi<\/p>\n<\/li>\n \t<li>\n<p style=\"margin-bottom: 0rem; color: #424243; padding-bottom: 0.5rem; font-family: Roboto; font-size: 16px; font-style: normal; font-weight: 400; text-align: justify;\">W razie potrzeby doje\u017cd\u017camy do Klienta<\/p>\n<\/li>\n \t<li>\n<p style=\"margin-bottom: 0rem; color: #424243; padding-bottom: 0.5rem; font-family: Roboto; font-size: 16px; font-style: normal; font-weight: 400; text-align: justify;\">Posiadamy wygodny system przypominania SMS-em lub emailem o ko\u0144cz\u0105cych si\u0119 umowach i zbli\u017caj\u0105cych si\u0119 ratach sk\u0142adek<\/p>\n<\/li>\n \t<li>\n<p style=\"margin-bottom: 0rem; color: #424243; padding-bottom: 0.5rem; font-family: Roboto; font-size: 16px; font-style: normal; font-weight: 400; text-align: justify;\">W przypadku szk\u00f3d naszym Klientom oferujemy bezp\u0142atn\u0105 pomoc w za\u0142atwieniu formalno\u015bci<\/p>\n<\/li>\n \t<li>\n<p style=\"margin-bottom: 0rem; color: #424243; padding-bottom: 0.5rem; font-family: Roboto; font-size: 16px; font-style: normal; font-weight: 400; text-align: justify;\">Posiadamy polis\u0119 OC Multiagenta opiewaj\u0105c\u0105 na\u00a0 1 250 618 EURO na jedno i 1 875 927 EURO na wszystkie zdarzenia.<\/p>\n<\/li>\n<\/ul>\n&nbsp;\t\t\t\t\t\t\t\t<\/div>\n\t\t\t\t<\/div>\n\t\t\t\t\t<\/div>\n\t\t<\/div>\n\t\t\t\t\t<\/div>\n\t\t<\/section>\n\t\t\t\t<section class=\"elementor-section elementor-top-section elementor-element elementor-element-b01a197 elementor-reverse-tablet elementor-reverse-mobile elementor-section-full_width elementor-section-height-default elementor-section-height-default\" data-id=\"b01a197\" data-element_type=\"section\" data-e-type=\"section\" data-settings=\"{&quot;background_background&quot;:&quot;classic&quot;}\">\n\t\t\t\t\t\t<div class=\"elementor-container elementor-column-gap-default\">\n\t\t\t\t\t<div class=\"elementor-column elementor-col-33 elementor-top-column elementor-element elementor-element-0dd1aa5\" data-id=\"0dd1aa5\" data-element_type=\"column\" data-e-type=\"column\">\n\t\t\t<div class=\"elementor-widget-wrap elementor-element-populated\">\n\t\t\t\t\t\t<div class=\"elementor-element elementor-element-2be0c3b elementor-widget__width-inherit elementor-hidden-mobile elementor-widget elementor-widget-spacer\" data-id=\"2be0c3b\" data-element_type=\"widget\" data-e-type=\"widget\" data-widget_type=\"spacer.default\">\n\t\t\t\t<div class=\"elementor-widget-container\">\n\t\t\t\t\t\t\t<div class=\"elementor-spacer\">\n\t\t\t<div class=\"elementor-spacer-inner\"><\/div>\n\t\t<\/div>\n\t\t\t\t\t\t<\/div>\n\t\t\t\t<\/div>\n\t\t\t\t\t<\/div>\n\t\t<\/div>\n\t\t\t\t<div class=\"elementor-column elementor-col-33 elementor-top-column elementor-element elementor-element-81fb6c7\" data-id=\"81fb6c7\" data-element_type=\"column\" data-e-type=\"column\">\n\t\t\t<div class=\"elementor-widget-wrap elementor-element-populated\">\n\t\t\t\t\t\t<div class=\"elementor-element elementor-element-3b93f96 elementor-widget elementor-widget-heading\" data-id=\"3b93f96\" data-element_type=\"widget\" data-e-type=\"widget\" data-widget_type=\"heading.default\">\n\t\t\t\t<div class=\"elementor-widget-container\">\n\t\t\t\t\t<h6 class=\"elementor-heading-title elementor-size-default\">SKIERNIEWICE<\/h6>\t\t\t\t<\/div>\n\t\t\t\t<\/div>\n\t\t\t\t<div class=\"elementor-element elementor-element-ecee04a elementor-icon-list--layout-traditional elementor-list-item-link-full_width elementor-widget elementor-widget-icon-list\" data-id=\"ecee04a\" data-element_type=\"widget\" data-e-type=\"widget\" data-widget_type=\"icon-list.default\">\n\t\t\t\t<div class=\"elementor-widget-container\">\n\t\t\t\t\t\t\t<ul class=\"elementor-icon-list-items\">\n\t\t\t\t\t\t\t<li class=\"elementor-icon-list-item\">\n\t\t\t\t\t\t\t\t\t\t\t<span class=\"elementor-icon-list-icon\">\n\t\t\t\t\t\t\t<i aria-hidden=\"true\" class=\"fas fa-phone-alt\"><\/i>\t\t\t\t\t\t<\/span>\n\t\t\t\t\t\t\t\t\t\t<span class=\"elementor-icon-list-text\">tel .: <strong> 661 293 172 <\/strong> dla klient\u00f3w indywidualnych<\/span>\n\t\t\t\t\t\t\t\t\t<\/li>\n\t\t\t\t\t\t\t\t<li class=\"elementor-icon-list-item\">\n\t\t\t\t\t\t\t\t\t\t\t<span class=\"elementor-icon-list-icon\">\n\t\t\t\t\t\t\t<i aria-hidden=\"true\" class=\"fas fa-phone-alt\"><\/i>\t\t\t\t\t\t<\/span>\n\t\t\t\t\t\t\t\t\t\t<span class=\"elementor-icon-list-text\">tel .: <strong>785 99 32 05 <\/strong> dla klient\u00f3w biznesowych<\/span>\n\t\t\t\t\t\t\t\t\t<\/li>\n\t\t\t\t\t\t\t\t<li class=\"elementor-icon-list-item\">\n\t\t\t\t\t\t\t\t\t\t\t<span class=\"elementor-icon-list-icon\">\n\t\t\t\t\t\t\t<i aria-hidden=\"true\" class=\"fas fa-phone-alt\"><\/i>\t\t\t\t\t\t<\/span>\n\t\t\t\t\t\t\t\t\t\t<span class=\"elementor-icon-list-text\">tel .:<strong> 887 76 63 01<\/strong> ubezpieczenia na \u017cycie i zdrowie<\/span>\n\t\t\t\t\t\t\t\t\t<\/li>\n\t\t\t\t\t\t\t\t<li class=\"elementor-icon-list-item\">\n\t\t\t\t\t\t\t\t\t\t\t<span class=\"elementor-icon-list-icon\">\n\t\t\t\t\t\t\t<i aria-hidden=\"true\" class=\"fas fa-comment-alt\"><\/i>\t\t\t\t\t\t<\/span>\n\t\t\t\t\t\t\t\t\t\t<span class=\"elementor-icon-list-text\">e-mail: skierniewice@tpu.com.pl<\/span>\n\t\t\t\t\t\t\t\t\t<\/li>\n\t\t\t\t\t\t<\/ul>\n\t\t\t\t\t\t<\/div>\n\t\t\t\t<\/div>\n\t\t\t\t<div class=\"elementor-element elementor-element-b3b3b2c elementor-widget elementor-widget-heading\" data-id=\"b3b3b2c\" data-element_type=\"widget\" data-e-type=\"widget\" data-widget_type=\"heading.default\">\n\t\t\t\t<div class=\"elementor-widget-container\">\n\t\t\t\t\t<h6 class=\"elementor-heading-title elementor-size-default\">\u0141OWICZ<\/h6>\t\t\t\t<\/div>\n\t\t\t\t<\/div>\n\t\t\t\t<div class=\"elementor-element elementor-element-51e3fe1 elementor-icon-list--layout-traditional elementor-list-item-link-full_width elementor-widget elementor-widget-icon-list\" data-id=\"51e3fe1\" data-element_type=\"widget\" data-e-type=\"widget\" data-widget_type=\"icon-list.default\">\n\t\t\t\t<div class=\"elementor-widget-container\">\n\t\t\t\t\t\t\t<ul class=\"elementor-icon-list-items\">\n\t\t\t\t\t\t\t<li class=\"elementor-icon-list-item\">\n\t\t\t\t\t\t\t\t\t\t\t<span class=\"elementor-icon-list-icon\">\n\t\t\t\t\t\t\t<i aria-hidden=\"true\" class=\"fas fa-phone-alt\"><\/i>\t\t\t\t\t\t<\/span>\n\t\t\t\t\t\t\t\t\t\t<span class=\"elementor-icon-list-text\">tel .: <strong> 695 99 26 56 <\/strong>  <\/span>\n\t\t\t\t\t\t\t\t\t<\/li>\n\t\t\t\t\t\t\t\t<li class=\"elementor-icon-list-item\">\n\t\t\t\t\t\t\t\t\t\t\t<span class=\"elementor-icon-list-icon\">\n\t\t\t\t\t\t\t<i aria-hidden=\"true\" class=\"fas fa-comment-alt\"><\/i>\t\t\t\t\t\t<\/span>\n\t\t\t\t\t\t\t\t\t\t<span class=\"elementor-icon-list-text\"> e-mail:lowicz@tpu.com.pl<\/span>\n\t\t\t\t\t\t\t\t\t<\/li>\n\t\t\t\t\t\t<\/ul>\n\t\t\t\t\t\t<\/div>\n\t\t\t\t<\/div>\n\t\t\t\t<div class=\"elementor-element elementor-element-5dfa7b7 elementor-widget elementor-widget-heading\" data-id=\"5dfa7b7\" data-element_type=\"widget\" data-e-type=\"widget\" data-widget_type=\"heading.default\">\n\t\t\t\t<div class=\"elementor-widget-container\">\n\t\t\t\t\t<h6 class=\"elementor-heading-title elementor-size-default\">SOCHACZEW<\/h6>\t\t\t\t<\/div>\n\t\t\t\t<\/div>\n\t\t\t\t<div class=\"elementor-element elementor-element-83c4f31 elementor-icon-list--layout-traditional elementor-list-item-link-full_width elementor-widget elementor-widget-icon-list\" data-id=\"83c4f31\" data-element_type=\"widget\" data-e-type=\"widget\" data-widget_type=\"icon-list.default\">\n\t\t\t\t<div class=\"elementor-widget-container\">\n\t\t\t\t\t\t\t<ul class=\"elementor-icon-list-items\">\n\t\t\t\t\t\t\t<li class=\"elementor-icon-list-item\">\n\t\t\t\t\t\t\t\t\t\t\t<span class=\"elementor-icon-list-icon\">\n\t\t\t\t\t\t\t<i aria-hidden=\"true\" class=\"fas fa-phone-alt\"><\/i>\t\t\t\t\t\t<\/span>\n\t\t\t\t\t\t\t\t\t\t<span class=\"elementor-icon-list-text\">tel .: <strong> 724 008 000 <\/strong>  <\/span>\n\t\t\t\t\t\t\t\t\t<\/li>\n\t\t\t\t\t\t\t\t<li class=\"elementor-icon-list-item\">\n\t\t\t\t\t\t\t\t\t\t\t<span class=\"elementor-icon-list-icon\">\n\t\t\t\t\t\t\t<i aria-hidden=\"true\" class=\"fas fa-comment-alt\"><\/i>\t\t\t\t\t\t<\/span>\n\t\t\t\t\t\t\t\t\t\t<span class=\"elementor-icon-list-text\"> e-mail:sochaczew@tpu.com.pl<\/span>\n\t\t\t\t\t\t\t\t\t<\/li>\n\t\t\t\t\t\t<\/ul>\n\t\t\t\t\t\t<\/div>\n\t\t\t\t<\/div>\n\t\t\t\t\t<\/div>\n\t\t<\/div>\n\t\t\t\t<div class=\"elementor-column elementor-col-33 elementor-top-column elementor-element elementor-element-d513181\" data-id=\"d513181\" data-element_type=\"column\" data-e-type=\"column\">\n\t\t\t<div class=\"elementor-widget-wrap elementor-element-populated\">\n\t\t\t\t\t\t<div class=\"elementor-element elementor-element-8323b9a elementor-widget elementor-widget-heading\" data-id=\"8323b9a\" data-element_type=\"widget\" data-e-type=\"widget\" data-widget_type=\"heading.default\">\n\t\t\t\t<div class=\"elementor-widget-container\">\n\t\t\t\t\t<h6 class=\"elementor-heading-title elementor-size-default\">KRAK\u00d3W<\/h6>\t\t\t\t<\/div>\n\t\t\t\t<\/div>\n\t\t\t\t<div class=\"elementor-element elementor-element-73085a4 elementor-icon-list--layout-traditional elementor-list-item-link-full_width elementor-widget elementor-widget-icon-list\" data-id=\"73085a4\" data-element_type=\"widget\" data-e-type=\"widget\" data-widget_type=\"icon-list.default\">\n\t\t\t\t<div class=\"elementor-widget-container\">\n\t\t\t\t\t\t\t<ul class=\"elementor-icon-list-items\">\n\t\t\t\t\t\t\t<li class=\"elementor-icon-list-item\">\n\t\t\t\t\t\t\t\t\t\t\t<span class=\"elementor-icon-list-icon\">\n\t\t\t\t\t\t\t<i aria-hidden=\"true\" class=\"fas fa-phone-alt\"><\/i>\t\t\t\t\t\t<\/span>\n\t\t\t\t\t\t\t\t\t\t<span class=\"elementor-icon-list-text\">tel .: <strong>660 521 815  <\/strong>  ((dojazd do klienta))<\/span>\n\t\t\t\t\t\t\t\t\t<\/li>\n\t\t\t\t\t\t\t\t<li class=\"elementor-icon-list-item\">\n\t\t\t\t\t\t\t\t\t\t\t<span class=\"elementor-icon-list-icon\">\n\t\t\t\t\t\t\t<i aria-hidden=\"true\" class=\"fas fa-comment-alt\"><\/i>\t\t\t\t\t\t<\/span>\n\t\t\t\t\t\t\t\t\t\t<span class=\"elementor-icon-list-text\"> e-mail: bbabiarz@tpu.com.pl<\/span>\n\t\t\t\t\t\t\t\t\t<\/li>\n\t\t\t\t\t\t<\/ul>\n\t\t\t\t\t\t<\/div>\n\t\t\t\t<\/div>\n\t\t\t\t\t<\/div>\n\t\t<\/div>\n\t\t\t\t\t<\/div>\n\t\t<\/section>\n\t\t\t\t<\/div>\n\t\t","protected":false},"excerpt":{"rendered":"<p>Tw\u00f3j Punkt Ubezpiecze\u0144 Tw\u00f3j Punkt Ubezpiecze\u0144 to pr\u0119\u017cnie rozwijaj\u0105ca si\u0119 multiagencja ubezpieczeniowa, istniej\u0105ca od 2006 r. Z rynkiem ubezpieczeniowym zwi\u0105zani jeste\u015bmy od 2004 roku. Od pocz\u0105tk\u00f3w naszego istnienia g\u0142\u00f3wnym zamys\u0142em by\u0142o stworzenie dla klient\u00f3w jednego punktu ubezpieczeniowego, w kt\u00f3rym b\u0119d\u0105 mogli wybra\u0107 dla siebie najkorzystniejsz\u0105 ofert\u0119 interesuj\u0105cego ich ubezpieczenia. Dlatego wychodz\u0105c na przeciw rosn\u0105cym potrzebom &hellip;<\/p>\n<p class=\"read-more\"> <a class=\"\" href=\"https:\/\/tpu.com.pl\/?page_id=234\"> <span class=\"screen-reader-text\">O nas<\/span> Read More &raquo;<\/a><\/p>\n","protected":false},"author":1,"featured_media":0,"parent":0,"menu_order":0,"comment_status":"closed","ping_status":"closed","template":"","meta":{"site-sidebar-layout":"no-sidebar","site-content-layout":"page-builder","ast-global-header-display":"","ast-banner-title-visibility":"","ast-main-header-display":"","ast-hfb-above-header-display":"","ast-hfb-below-header-display":"","ast-hfb-mobile-header-display":"","site-post-title":"disabled","ast-breadcrumbs-content":"","ast-featured-img":"disabled","footer-sml-layout":"","theme-transparent-header-meta":"default","adv-header-id-meta":"","stick-header-meta":"","header-above-stick-meta":"","header-main-stick-meta":"","header-below-stick-meta":"","footnotes":""},"class_list":["post-234","page","type-page","status-publish","hentry"],"_links":{"self":[{"href":"https:\/\/tpu.com.pl\/index.php?rest_route=\/wp\/v2\/pages\/234","targetHints":{"allow":["GET"]}}],"collection":[{"href":"https:\/\/tpu.com.pl\/index.php?rest_route=\/wp\/v2\/pages"}],"about":[{"href":"https:\/\/tpu.com.pl\/index.php?rest_route=\/wp\/v2\/types\/page"}],"author":[{"embeddable":true,"href":"https:\/\/tpu.com.pl\/index.php?rest_route=\/wp\/v2\/users\/1"}],"replies":[{"embeddable":true,"href":"https:\/\/tpu.com.pl\/index.php?rest_route=%2Fwp%2Fv2%2Fcomments&post=234"}],"version-history":[{"count":98,"href":"https:\/\/tpu.com.pl\/index.php?rest_route=\/wp\/v2\/pages\/234\/revisions"}],"predecessor-version":[{"id":2261,"href":"https:\/\/tpu.com.pl\/index.php?rest_route=\/wp\/v2\/pages\/234\/revisions\/2261"}],"wp:attachment":[{"href":"https:\/\/tpu.com.pl\/index.php?rest_route=%2Fwp%2Fv2%2Fmedia&parent=234"}],"curies":[{"name":"wp","href":"https:\/\/api.w.org\/{rel}","templated":true}]}}